{"id":327,"date":"2021-07-12T19:14:33","date_gmt":"2021-07-12T17:14:33","guid":{"rendered":"https:\/\/osnabrueckerweltacker.de\/?page_id=327"},"modified":"2025-04-14T17:24:09","modified_gmt":"2025-04-14T15:24:09","slug":"foerderer","status":"publish","type":"page","link":"https:\/\/osnabrueckerweltacker.de\/?page_id=327","title":{"rendered":"F\u00f6rderer"},"content":{"rendered":"\n<p><br><img loading=\"lazy\" decoding=\"async\" width=\"130\" height=\"86\" class=\"wp-image-328\" style=\"width: 130px;\" src=\"http:\/\/osnabrueckerweltacker.de\/wp-content\/uploads\/2021\/07\/DPL-Logo_alle-Medien_Web.png\" alt=\"\" srcset=\"https:\/\/osnabrueckerweltacker.de\/wp-content\/uploads\/2021\/07\/DPL-Logo_alle-Medien_Web.png 3088w, https:\/\/osnabrueckerweltacker.de\/wp-content\/uploads\/2021\/07\/DPL-Logo_alle-Medien_Web-300x200.png 300w, https:\/\/osnabrueckerweltacker.de\/wp-content\/uploads\/2021\/07\/DPL-Logo_alle-Medien_Web-1024x681.png 1024w, https:\/\/osnabrueckerweltacker.de\/wp-content\/uploads\/2021\/07\/DPL-Logo_alle-Medien_Web-768x511.png 768w, https:\/\/osnabrueckerweltacker.de\/wp-content\/uploads\/2021\/07\/DPL-Logo_alle-Medien_Web-1536x1022.png 1536w, https:\/\/osnabrueckerweltacker.de\/wp-content\/uploads\/2021\/07\/DPL-Logo_alle-Medien_Web-2048x1362.png 2048w\" sizes=\"auto, (max-width: 130px) 100vw, 130px\" \/><br><strong>Deutsche Postcode Lotterie<\/strong><br><\/p>\n\n\n\n<p><br><img loading=\"lazy\" decoding=\"async\" width=\"150\" height=\"60\" class=\"wp-image-705\" style=\"width: 150px;\" src=\"http:\/\/osnabrueckerweltacker.de\/wp-content\/uploads\/2023\/03\/hhs_logo_neu_jpg.jpg\" alt=\"\" srcset=\"https:\/\/osnabrueckerweltacker.de\/wp-content\/uploads\/2023\/03\/hhs_logo_neu_jpg.jpg 567w, https:\/\/osnabrueckerweltacker.de\/wp-content\/uploads\/2023\/03\/hhs_logo_neu_jpg-300x121.jpg 300w\" sizes=\"auto, (max-width: 150px) 100vw, 150px\" \/> <br><strong>Heidehof Stiftung<\/strong><\/p>\n\n\n\n<p><img decoding=\"async\" class=\"wp-image-720\" style=\"width: NaNpx;\" src=\"http:\/\/osnabrueckerweltacker.de\/wp-content\/uploads\/2023\/06\/Logo_ab_2018_Barthel-Stiftung.pdf\" alt=\"\"><img decoding=\"async\" class=\"wp-image-722\" style=\"width: NaNpx;\" src=\"http:\/\/osnabrueckerweltacker.de\/wp-content\/uploads\/2023\/06\/Logo_ab_2018_Barthel-Stiftung-1.pdf\" alt=\"\"><br><img loading=\"lazy\" decoding=\"async\" width=\"211\" height=\"57\" class=\"wp-image-784\" style=\"width: 211px;\" src=\"http:\/\/osnabrueckerweltacker.de\/wp-content\/uploads\/2024\/05\/stiftung_der_spk-osn_logo.jpg\" alt=\"\" srcset=\"https:\/\/osnabrueckerweltacker.de\/wp-content\/uploads\/2024\/05\/stiftung_der_spk-osn_logo.jpg 1084w, https:\/\/osnabrueckerweltacker.de\/wp-content\/uploads\/2024\/05\/stiftung_der_spk-osn_logo-300x82.jpg 300w, https:\/\/osnabrueckerweltacker.de\/wp-content\/uploads\/2024\/05\/stiftung_der_spk-osn_logo-1024x279.jpg 1024w, https:\/\/osnabrueckerweltacker.de\/wp-content\/uploads\/2024\/05\/stiftung_der_spk-osn_logo-768x209.jpg 768w\" sizes=\"auto, (max-width: 211px) 100vw, 211px\" \/><br><strong>Stiftung der Sparkasse Osnabr\u00fcck<\/strong><\/p>\n\n\n\n<p><br><img loading=\"lazy\" decoding=\"async\" width=\"255\" height=\"59\" class=\"wp-image-783\" style=\"width: 255px;\" src=\"http:\/\/osnabrueckerweltacker.de\/wp-content\/uploads\/2024\/05\/ML-Wappen-gross.bmp\" alt=\"\"><br><strong>Nieders\u00e4chsisches Ministerium f\u00fcr Ern\u00e4hrung, Landwirtschaft und Verbraucherschutz<\/strong><\/p>\n\n\n\n<p><\/p>\n\n\n\n<p><strong>Erwin Nieporte &#8211; exklusive Pflanzen, Osnabr\u00fcck<\/strong><br><br><\/p>\n","protected":false},"excerpt":{"rendered":"<p>Deutsche Postcode Lotterie Heidehof Stiftung Stiftung der Sparkasse Osnabr\u00fcck Nieders\u00e4chsisches Ministerium f\u00fcr Ern\u00e4hrung, Landwirtschaft und Verbraucherschutz Erwin Nieporte &#8211; exklusive Pflanzen, Osnabr\u00fcck<\/p>\n","protected":false},"author":1,"featured_media":0,"parent":0,"menu_order":0,"comment_status":"closed","ping_status":"closed","template":"","meta":{"footnotes":""},"class_list":["post-327","page","type-page","status-publish","hentry"],"_links":{"self":[{"href":"https:\/\/osnabrueckerweltacker.de\/index.php?rest_route=\/wp\/v2\/pages\/327","targetHints":{"allow":["GET"]}}],"collection":[{"href":"https:\/\/osnabrueckerweltacker.de\/index.php?rest_route=\/wp\/v2\/pages"}],"about":[{"href":"https:\/\/osnabrueckerweltacker.de\/index.php?rest_route=\/wp\/v2\/types\/page"}],"author":[{"embeddable":true,"href":"https:\/\/osnabrueckerweltacker.de\/index.php?rest_route=\/wp\/v2\/users\/1"}],"replies":[{"embeddable":true,"href":"https:\/\/osnabrueckerweltacker.de\/index.php?rest_route=%2Fwp%2Fv2%2Fcomments&post=327"}],"version-history":[{"count":38,"href":"https:\/\/osnabrueckerweltacker.de\/index.php?rest_route=\/wp\/v2\/pages\/327\/revisions"}],"predecessor-version":[{"id":837,"href":"https:\/\/osnabrueckerweltacker.de\/index.php?rest_route=\/wp\/v2\/pages\/327\/revisions\/837"}],"wp:attachment":[{"href":"https:\/\/osnabrueckerweltacker.de\/index.php?rest_route=%2Fwp%2Fv2%2Fmedia&parent=327"}],"curies":[{"name":"wp","href":"https:\/\/api.w.org\/{rel}","templated":true}]}}